{"id":107,"date":"2021-02-15T19:51:58","date_gmt":"2021-02-15T18:51:58","guid":{"rendered":"https:\/\/carlwilde.org\/CarlCAM\/widerrufsbelehrung\/"},"modified":"2021-03-17T22:22:03","modified_gmt":"2021-03-17T21:22:03","slug":"widerrufsbelehrung","status":"publish","type":"page","link":"https:\/\/carlwilde.org\/shop\/widerrufsbelehrung\/","title":{"rendered":"Widerrufsbelehrung"},"content":{"rendered":"\n<p>Die widerrufsfrist betr\u00e4gt vier wochen ab dem tag der zustellung. <\/p>\n\n\n\n<p>Um ihr widerrufsrecht auszu\u00fcben, gen\u00fcgt eine einfache mitteilung an <strong>shop@carlwilde.org<\/strong>. Geben sie dabei bitte ihren <strong>namen<\/strong>, ihre<strong> stra\u00dfe, <\/strong>ihre <strong>hausnummer, <\/strong>ihre <strong>postleitzahl<\/strong> und ihren<strong> wohnort<\/strong> und die<strong> bestellnummer<\/strong> an. <\/p>\n\n\n\n<p>\u00a0Wir senden ihnen eine <strong> versandmarke<\/strong>, mit der sie uns das produkt zur\u00fccksenden k\u00f6nnen.<br><br>Die r\u00fcckerstattung des kaufpreises in voller h\u00f6he erfolgt unverz\u00fcglich, sp\u00e4testens 14 Tage nach der erhalt der ware.<\/p>\n","protected":false},"excerpt":{"rendered":"<p>Die widerrufsfrist betr\u00e4gt vier wochen ab dem tag der zustellung. Um ihr widerrufsrecht auszu\u00fcben, gen\u00fcgt eine einfache mitteilung an shop@carlwilde.org. Geben sie dabei bitte ihren namen, ihre stra\u00dfe, ihre hausnummer, ihre postleitzahl und ihren wohnort und die bestellnummer an. \u00a0Wir senden ihnen eine versandmarke, mit der sie uns das produkt zur\u00fccksenden k\u00f6nnen. Die r\u00fcckerstattung des [&hellip;]<\/p>\n","protected":false},"author":1,"featured_media":0,"parent":0,"menu_order":0,"comment_status":"closed","ping_status":"closed","template":"","meta":{"footnotes":""},"class_list":["post-107","page","type-page","status-publish","hentry"],"yoast_head":"<!-- This site is optimized with the Yoast SEO plugin v26.2 - https:\/\/yoast.com\/wordpress\/plugins\/seo\/ -->\n<title>Widerrufsbelehrung - Carl Wilde Shop<\/title>\n<meta name=\"robots\" content=\"index, follow, max-snippet:-1, max-image-preview:large, max-video-preview:-1\" \/>\n<link rel=\"canonical\" href=\"https:\/\/carlwilde.org\/shop\/widerrufsbelehrung\/\" \/>\n<meta property=\"og:locale\" content=\"de_DE\" \/>\n<meta property=\"og:type\" content=\"article\" \/>\n<meta property=\"og:title\" content=\"Widerrufsbelehrung - Carl Wilde Shop\" \/>\n<meta property=\"og:description\" content=\"Die widerrufsfrist betr\u00e4gt vier wochen ab dem tag der zustellung. Um ihr widerrufsrecht auszu\u00fcben, gen\u00fcgt eine einfache mitteilung an shop@carlwilde.org. Geben sie dabei bitte ihren namen, ihre stra\u00dfe, ihre hausnummer, ihre postleitzahl und ihren wohnort und die bestellnummer an. \u00a0Wir senden ihnen eine versandmarke, mit der sie uns das produkt zur\u00fccksenden k\u00f6nnen. Die r\u00fcckerstattung des [&hellip;]\" \/>\n<meta property=\"og:url\" content=\"https:\/\/carlwilde.org\/shop\/widerrufsbelehrung\/\" \/>\n<meta property=\"og:site_name\" content=\"Carl Wilde Shop\" \/>\n<meta property=\"article:modified_time\" content=\"2021-03-17T21:22:03+00:00\" \/>\n<meta name=\"twitter:card\" content=\"summary_large_image\" \/>\n<script type=\"application\/ld+json\" class=\"yoast-schema-graph\">{\"@context\":\"https:\/\/schema.org\",\"@graph\":[{\"@type\":\"WebPage\",\"@id\":\"https:\/\/carlwilde.org\/shop\/widerrufsbelehrung\/\",\"url\":\"https:\/\/carlwilde.org\/shop\/widerrufsbelehrung\/\",\"name\":\"Widerrufsbelehrung - Carl Wilde Shop\",\"isPartOf\":{\"@id\":\"https:\/\/carlwilde.org\/shop\/#website\"},\"datePublished\":\"2021-02-15T18:51:58+00:00\",\"dateModified\":\"2021-03-17T21:22:03+00:00\",\"breadcrumb\":{\"@id\":\"https:\/\/carlwilde.org\/shop\/widerrufsbelehrung\/#breadcrumb\"},\"inLanguage\":\"de\",\"potentialAction\":[{\"@type\":\"ReadAction\",\"target\":[\"https:\/\/carlwilde.org\/shop\/widerrufsbelehrung\/\"]}]},{\"@type\":\"BreadcrumbList\",\"@id\":\"https:\/\/carlwilde.org\/shop\/widerrufsbelehrung\/#breadcrumb\",\"itemListElement\":[{\"@type\":\"ListItem\",\"position\":1,\"name\":\"Startseite\",\"item\":\"https:\/\/carlwilde.org\/shop\/\"},{\"@type\":\"ListItem\",\"position\":2,\"name\":\"Widerrufsbelehrung\"}]},{\"@type\":\"WebSite\",\"@id\":\"https:\/\/carlwilde.org\/shop\/#website\",\"url\":\"https:\/\/carlwilde.org\/shop\/\",\"name\":\"Carl Wilde Shop\",\"description\":\"\",\"publisher\":{\"@id\":\"https:\/\/carlwilde.org\/shop\/#organization\"},\"potentialAction\":[{\"@type\":\"SearchAction\",\"target\":{\"@type\":\"EntryPoint\",\"urlTemplate\":\"https:\/\/carlwilde.org\/shop\/?s={search_term_string}\"},\"query-input\":{\"@type\":\"PropertyValueSpecification\",\"valueRequired\":true,\"valueName\":\"search_term_string\"}}],\"inLanguage\":\"de\"},{\"@type\":\"Organization\",\"@id\":\"https:\/\/carlwilde.org\/shop\/#organization\",\"name\":\"CarlCAM!\",\"url\":\"https:\/\/carlwilde.org\/shop\/\",\"logo\":{\"@type\":\"ImageObject\",\"inLanguage\":\"de\",\"@id\":\"https:\/\/carlwilde.org\/shop\/#\/schema\/logo\/image\/\",\"url\":\"https:\/\/carlwilde.org\/shop\/wp-content\/uploads\/2020\/12\/FOTO-CarlCAM-karton-scaled.jpg\",\"contentUrl\":\"https:\/\/carlwilde.org\/shop\/wp-content\/uploads\/2020\/12\/FOTO-CarlCAM-karton-scaled.jpg\",\"width\":1920,\"height\":2560,\"caption\":\"CarlCAM!\"},\"image\":{\"@id\":\"https:\/\/carlwilde.org\/shop\/#\/schema\/logo\/image\/\"}}]}<\/script>\n<!-- \/ Yoast SEO plugin. -->","yoast_head_json":{"title":"Widerrufsbelehrung - Carl Wilde Shop","robots":{"index":"index","follow":"follow","max-snippet":"max-snippet:-1","max-image-preview":"max-image-preview:large","max-video-preview":"max-video-preview:-1"},"canonical":"https:\/\/carlwilde.org\/shop\/widerrufsbelehrung\/","og_locale":"de_DE","og_type":"article","og_title":"Widerrufsbelehrung - Carl Wilde Shop","og_description":"Die widerrufsfrist betr\u00e4gt vier wochen ab dem tag der zustellung. Um ihr widerrufsrecht auszu\u00fcben, gen\u00fcgt eine einfache mitteilung an shop@carlwilde.org. Geben sie dabei bitte ihren namen, ihre stra\u00dfe, ihre hausnummer, ihre postleitzahl und ihren wohnort und die bestellnummer an. \u00a0Wir senden ihnen eine versandmarke, mit der sie uns das produkt zur\u00fccksenden k\u00f6nnen. Die r\u00fcckerstattung des [&hellip;]","og_url":"https:\/\/carlwilde.org\/shop\/widerrufsbelehrung\/","og_site_name":"Carl Wilde Shop","article_modified_time":"2021-03-17T21:22:03+00:00","twitter_card":"summary_large_image","schema":{"@context":"https:\/\/schema.org","@graph":[{"@type":"WebPage","@id":"https:\/\/carlwilde.org\/shop\/widerrufsbelehrung\/","url":"https:\/\/carlwilde.org\/shop\/widerrufsbelehrung\/","name":"Widerrufsbelehrung - Carl Wilde Shop","isPartOf":{"@id":"https:\/\/carlwilde.org\/shop\/#website"},"datePublished":"2021-02-15T18:51:58+00:00","dateModified":"2021-03-17T21:22:03+00:00","breadcrumb":{"@id":"https:\/\/carlwilde.org\/shop\/widerrufsbelehrung\/#breadcrumb"},"inLanguage":"de","potentialAction":[{"@type":"ReadAction","target":["https:\/\/carlwilde.org\/shop\/widerrufsbelehrung\/"]}]},{"@type":"BreadcrumbList","@id":"https:\/\/carlwilde.org\/shop\/widerrufsbelehrung\/#breadcrumb","itemListElement":[{"@type":"ListItem","position":1,"name":"Startseite","item":"https:\/\/carlwilde.org\/shop\/"},{"@type":"ListItem","position":2,"name":"Widerrufsbelehrung"}]},{"@type":"WebSite","@id":"https:\/\/carlwilde.org\/shop\/#website","url":"https:\/\/carlwilde.org\/shop\/","name":"Carl Wilde Shop","description":"","publisher":{"@id":"https:\/\/carlwilde.org\/shop\/#organization"},"potentialAction":[{"@type":"SearchAction","target":{"@type":"EntryPoint","urlTemplate":"https:\/\/carlwilde.org\/shop\/?s={search_term_string}"},"query-input":{"@type":"PropertyValueSpecification","valueRequired":true,"valueName":"search_term_string"}}],"inLanguage":"de"},{"@type":"Organization","@id":"https:\/\/carlwilde.org\/shop\/#organization","name":"CarlCAM!","url":"https:\/\/carlwilde.org\/shop\/","logo":{"@type":"ImageObject","inLanguage":"de","@id":"https:\/\/carlwilde.org\/shop\/#\/schema\/logo\/image\/","url":"https:\/\/carlwilde.org\/shop\/wp-content\/uploads\/2020\/12\/FOTO-CarlCAM-karton-scaled.jpg","contentUrl":"https:\/\/carlwilde.org\/shop\/wp-content\/uploads\/2020\/12\/FOTO-CarlCAM-karton-scaled.jpg","width":1920,"height":2560,"caption":"CarlCAM!"},"image":{"@id":"https:\/\/carlwilde.org\/shop\/#\/schema\/logo\/image\/"}}]}},"_links":{"self":[{"href":"https:\/\/carlwilde.org\/shop\/wp-json\/wp\/v2\/pages\/107","targetHints":{"allow":["GET"]}}],"collection":[{"href":"https:\/\/carlwilde.org\/shop\/wp-json\/wp\/v2\/pages"}],"about":[{"href":"https:\/\/carlwilde.org\/shop\/wp-json\/wp\/v2\/types\/page"}],"author":[{"embeddable":true,"href":"https:\/\/carlwilde.org\/shop\/wp-json\/wp\/v2\/users\/1"}],"replies":[{"embeddable":true,"href":"https:\/\/carlwilde.org\/shop\/wp-json\/wp\/v2\/comments?post=107"}],"version-history":[{"count":25,"href":"https:\/\/carlwilde.org\/shop\/wp-json\/wp\/v2\/pages\/107\/revisions"}],"predecessor-version":[{"id":274,"href":"https:\/\/carlwilde.org\/shop\/wp-json\/wp\/v2\/pages\/107\/revisions\/274"}],"wp:attachment":[{"href":"https:\/\/carlwilde.org\/shop\/wp-json\/wp\/v2\/media?parent=107"}],"curies":[{"name":"wp","href":"https:\/\/api.w.org\/{rel}","templated":true}]}}