{"id":87,"date":"2021-01-08T13:03:15","date_gmt":"2021-01-08T12:03:15","guid":{"rendered":"https:\/\/carlwilde.org\/CarlCAM\/?page_id=87"},"modified":"2021-12-06T21:47:05","modified_gmt":"2021-12-06T20:47:05","slug":"allgemeine-geschaeftsbedingungen","status":"publish","type":"page","link":"https:\/\/carlwilde.org\/shop\/allgemeine-geschaeftsbedingungen\/","title":{"rendered":"Allgemeine Gesch\u00e4ftsbedingungen fu\u0308r K\u00e4ufe im Onlineshop unter carlwilde.org."},"content":{"rendered":"\n<p><strong>\u00a7 1 Allgemeines, Geltungsbereich der AGB<\/strong><\/p>\n\n\n\n<p>1.1 Alle Lieferungen und Leistungen erfolgen ausschlie\u00dflich auf der Grundlage der<\/p>\n\n\n\n<p>nachfolgenden Allgemeinen Gesch\u00e4ftsbedingungen (nachfolgend \u201eAGB\u201c) in ihrer zum<\/p>\n\n\n\n<p>Zeitpunkt der Bestellung g\u00fcltigen Fassung.<\/p>\n\n\n\n<p>1.2 Vertragspartner ist Carlwilde.org, CEO Ingo Schymanski GbR, K\u00f6nig-Wilhelm-Strasse 5, D-89073 Ulm (nachfolgend \u201eVerk\u00e4ufer\u201c).<\/p>\n\n\n\n<p>1.3 Kunde im Sinne dieser Gesch\u00e4ftsbedingungen k\u00f6nnen Verbraucher sein (nachfolgend<\/p>\n\n\n\n<p>\u201eKunde\u201c). Verbraucher im Sinne der Gesch\u00e4ftsbedingungen sind nat\u00fcrliche Personen, die<\/p>\n\n\n\n<p>Vertr\u00e4ge zu einem Zweck abschlie\u00dfen, der \u00fcberwiegend weder ihrer gewerblichen noch ihrer<\/p>\n\n\n\n<p>beruflichen T\u00e4tigkeit zugerechnet werden k\u00f6nnen.<\/p>\n\n\n\n<p><strong>\u00a7 2 Vertragsschluss, Zustandekommen des Vertrags<\/strong><\/p>\n\n\n\n<p>2.1 Unser Angebot ist verbindlich. Mit Ihrer Bestellung nehmen Sie unser Angebot auf<\/p>\n\n\n\n<p>Vertragsschluss an. Der Vertrag kommt mit Versendung Ihrer Bestellung an uns zustande.<\/p>\n\n\n\n<p>Sie erhalten eine Auftragsbest\u00e4tigung per E-Mail.<\/p>\n\n\n\n<p>ODER<\/p>\n\n\n\n<p>2.1 Die Angebote und Artikelpr\u00e4sentationen stellen kein bindendes Angebot dar. Erst Ihre<\/p>\n\n\n\n<p>Bestellung ist ein bindendes Angebot nach \u00a7 145 B\u00fcrgerliches Gesetzbuch (BGB), welches<\/p>\n\n\n\n<p>wir annehmen k\u00f6nnen. Nach Versendung der Bestellung \u00fcbermitteln wir Ihnen zun\u00e4chst eine<\/p>\n\n\n\n<p>Bestell-Eingangsbest\u00e4tigung per E-Mail. Bei Annahme Ihrer Bestellung durch uns erhalten<\/p>\n\n\n\n<p>Sie innerhalb von 3 Wochen nach Eingang Ihrer Bestellung eine Auftragsbest\u00e4tigung per<\/p>\n\n\n\n<p>E-Mail, mit der der Vertrag zustande kommt.<\/p>\n\n\n\n<p>2.2 Wenn Sie das gew\u00fcnschte Produkt gefunden haben, k\u00f6nnen Sie dieses unverbindlich<\/p>\n\n\n\n<p>durch Anklicken des Produktnamens oder des Produktbildes genauer ansehen. Durch<\/p>\n\n\n\n<p>Anklicken des Buttons [In den Warenkorb] k\u00f6nnen sie den Artikel in den Warenkorb legen.<\/p>\n\n\n\n<p>Den Inhalt des Warenkorbs k\u00f6nnen Sie jederzeit durch Anklicken des Buttons [Warenkorb]<\/p>\n\n\n\n<p>unverbindlich ansehen. Die Produkte k\u00f6nnen Sie durch Anklicken der Grafiken [\u00c4ndern] und<\/p>\n\n\n\n<p>[L\u00f6schen] wieder aus dem Warenkorb entfernen oder \u00e4ndern. Wenn Sie die Produkte im<\/p>\n\n\n\n<p>Warenkorb kaufen wollen, klicken Sie in der Seite \u201eWarenkorb\u201c auf den Button [Zur Kasse].<\/p>\n\n\n\n<p>Im Verlauf des weiteren Bestellvorgangs richten Sie bei Ihrem erstmaligen Einkauf ein<\/p>\n\n\n\n<p>Kundenkonto bei uns ein und w\u00e4hlen die Versand- sowie die Zahlungsart. Im letzten Schritt<\/p>\n\n\n\n<p>erhalten Sie unter \u201eBestellinformation\u201c nochmals eine \u00dcbersicht \u00fcber Ihre Bestelldaten und<\/p>\n\n\n\n<p>k\u00f6nnen alle Angaben nochmals \u00fcberpr\u00fcfen und unter [korrigieren] l\u00f6schen oder \u00e4ndern.<\/p>\n\n\n\n<p>Eingabefehler k\u00f6nnen Sie auch dadurch berichtigen, dass Sie im Browser r\u00fcckw\u00e4rts<\/p>\n\n\n\n<p>navigieren oder den Bestellvorgang abbrechen und von vorn beginnen. Um den Einkauf<\/p>\n\n\n\n<p>abzuschlie\u00dfen, m\u00fcssen Sie unsere Allgemeinen Gesch\u00e4ftsbedingungen akzeptieren und auf<\/p>\n\n\n\n<p>den Button [Kaufen] dr\u00fccken. Damit versenden Sie die Bestellung an uns.<\/p>\n\n\n\n<p><strong>\u00a7 3 Speicherung des Vertragstextes<\/strong><\/p>\n\n\n\n<p>Wir speichern Ihre Bestellung, die eingegebenen Bestelldaten sowie den gesamten<\/p>\n\n\n\n<p>Vertragstext. Wir senden Ihnen per E-Mail eine Bestell-Eingangsbest\u00e4tigung und<\/p>\n\n\n\n<p>anschlie\u00dfend eine Auftragsbest\u00e4tigung ODER eine Bestell-Eingangs- und<\/p>\n\n\n\n<p>Auftragsbest\u00e4tigung mit allen Bestelldaten und dem gesamten Vertragstext zu.<\/p>\n\n\n\n<p><strong>\u00a7 4 Widerrufsrecht f\u00fcr Verbraucher<\/strong><\/p>\n\n\n\n<p>Das folgende Widerrufsrecht besteht nur f\u00fcr Verbraucher im Fernabsatz:<\/p>\n\n\n\n<p>1. Widerrufsbelehrung<\/p>\n\n\n\n<p>Widerrufsrecht: Sie haben das Recht, binnen vierzehn Tagen ohne Angabe von Gr\u00fcnden diesen Vertrag zu<\/p>\n\n\n\n<p>widerrufen. Die Widerrufsfrist betr\u00e4gt vierzehn Tage ab dem Tag, an dem Sie oder ein von Ihnen<\/p>\n\n\n\n<p>benannter Dritter, der nicht der Bef\u00f6rderer ist, die Waren in Besitz genommen haben bzw.<\/p>\n\n\n\n<p>hat. Um Ihr Widerrufsrecht auszu\u00fcben, m\u00fcssen Sie uns (Name, Anschrift und, soweit verf\u00fcgbar,<\/p>\n\n\n\n<p>Telefonnummer, Telefaxnummer und E-Mail-Adresse) mittels einer eindeutigen Erkl\u00e4rung (z.<\/p>\n\n\n\n<p>B. ein mit der Post versandter Brief oder E-Mail) \u00fcber Ihren Entschluss, diesen Vertrag zu<\/p>\n\n\n\n<p>widerrufen, informieren. Sie k\u00f6nnen daf\u00fcr das u. a. Muster-Widerrufsformular<\/p>\n\n\n\n<p>verwenden, was jedoch nicht vorgeschrieben ist.&nbsp;<\/p>\n\n\n\n<p>Zur Wahrung der Widerrufsfrist reicht es aus, dass Sie die Mitteilung \u00fcber die Aus\u00fcbung des<\/p>\n\n\n\n<p>Widerrufsrechts vor Ablauf der Widerrufsfrist absenden.<\/p>\n\n\n\n<p>Folgen des Widerrufs<\/p>\n\n\n\n<p>Wenn Sie diesen Vertrag widerrufen, haben wir Ihnen alle Zahlungen, die wir von Ihnen<\/p>\n\n\n\n<p>erhalten haben, einschlie\u00dflich der Lieferkosten (mit Ausnahme der zus\u00e4tzlichen Kosten, die<\/p>\n\n\n\n<p>sich daraus ergeben, dass Sie eine andere Art der Lieferung als die von uns angebotene,<\/p>\n\n\n\n<p>g\u00fcnstigste Standardlieferung gew\u00e4hlt haben), unverz\u00fcglich und sp\u00e4testens binnen vierzehn<\/p>\n\n\n\n<p>Tagen ab dem Tag zur\u00fcckzuzahlen, an dem die Mitteilung \u00fcber Ihren Widerruf dieses<\/p>\n\n\n\n<p>Vertrags bei uns eingegangen ist. F\u00fcr diese R\u00fcckzahlung verwenden wir dasselbe<\/p>\n\n\n\n<p>Zahlungsmittel, das Sie bei der urspr\u00fcnglichen Transaktion eingesetzt haben, es sei denn,<\/p>\n\n\n\n<p>mit Ihnen wurde ausdr\u00fccklich etwas anderes vereinbart; in keinem Fall werden Ihnen wegen<\/p>\n\n\n\n<p>dieser R\u00fcckzahlung Entgelte berechnet. Wir k\u00f6nnen die R\u00fcckzahlung verweigern, bis wir die<\/p>\n\n\n\n<p>Waren wieder zur\u00fcckerhalten haben oder bis Sie den Nachweis erbracht haben, dass Sie die<\/p>\n\n\n\n<p>Waren zur\u00fcckgesandt haben, je nachdem, welches der fr\u00fchere Zeitpunkt ist.<\/p>\n\n\n\n<p>Sie haben die Waren unverz\u00fcglich und in jedem Fall sp\u00e4testens binnen vierzehn Tagen ab<\/p>\n\n\n\n<p>dem Tag, an dem Sie uns \u00fcber den Widerruf dieses Vertrags unterrichten, an uns<\/p>\n\n\n\n<p>zur\u00fcckzusenden oder zu \u00fcbergeben. Die Frist ist gewahrt, wenn Sie die Waren vor Ablauf<\/p>\n\n\n\n<p>der Frist von vierzehn Tagen absenden. Sie tragen die unmittelbaren Kosten der<\/p>\n\n\n\n<p>R\u00fccksendung der Waren.<\/p>\n\n\n\n<p>Sie m\u00fcssen f\u00fcr einen etwaigen Wertverlust der Waren nur aufkommen, wenn dieser<\/p>\n\n\n\n<p>Wertverlust auf einen zur Pr\u00fcfung der Beschaffenheit, Eigenschaften und Funktionsweise<\/p>\n\n\n\n<p>der Waren nicht notwendigen Umgang mit ihnen zur\u00fcckzuf\u00fchren ist.<\/p>\n\n\n\n<p>2. Ausschluss des Widerrufsrechts<\/p>\n\n\n\n<p>Das Widerrufsrecht besteht nicht bei folgenden Vertr\u00e4gen:<\/p>\n\n\n\n<p>\u2022 Vertr\u00e4ge zur Lieferung von Waren, die nicht vorgefertigt sind und f\u00fcr deren<\/p>\n\n\n\n<p>Herstellung eine individuelle Auswahl oder Bestimmung durch den Verbraucher<\/p>\n\n\n\n<p>ma\u00dfgeblich ist oder die eindeutig auf die pers\u00f6nlichen Bed\u00fcrfnisse des Verbrauchers<\/p>\n\n\n\n<p>zugeschnitten sind,<\/p>\n\n\n\n<p>\u2022 Vertr\u00e4ge zur Lieferung von Waren, die schnell verderben k\u00f6nnen oder deren<\/p>\n\n\n\n<p>Verfallsdatum schnell \u00fcberschritten w\u00fcrde,<\/p>\n\n\n\n<p>\u2022 Vertr\u00e4ge zur Lieferung versiegelter Waren, die aus Gr\u00fcnden des<\/p>\n\n\n\n<p>Gesundheitsschutzes oder der Hygiene nicht zur R\u00fcckgabe geeignet sind, wenn ihre<\/p>\n\n\n\n<p>Versiegelung nach der Lieferung entfernt wurde,<\/p>\n\n\n\n<p>\u2022 Vertr\u00e4ge zur Lieferung von Waren, wenn diese nach der Lieferung auf Grund ihrer<\/p>\n\n\n\n<p>Beschaffenheit untrennbar mit anderen G\u00fctern vermischt wurden,<\/p>\n\n\n\n<p>\u2022 Vertr\u00e4ge zur Lieferung von Ton- oder Videoaufnahmen oder Computersoftware in<\/p>\n\n\n\n<p>einer versiegelten Packung, wenn die Versiegelung nach der Lieferung entfernt<\/p>\n\n\n\n<p>wurde,<\/p>\n\n\n\n<p>\u2022 Vertr\u00e4ge zur Lieferung von Zeitungen, Zeitschriften oder Illustrierten mit Ausnahme<\/p>\n\n\n\n<p>von Abonnement-Vertr\u00e4gen,<\/p>\n\n\n\n<p>\u2022 Vertr\u00e4ge zur Erbringung von Dienstleistungen in den Bereichen Beherbergung zu<\/p>\n\n\n\n<p>anderen Zwecken als zu Wohnzwecken, Bef\u00f6rderung von Waren,<\/p>\n\n\n\n<p>Kraftfahrzeugvermietung, Lieferung von Speisen und Getr\u00e4nken sowie zur<\/p>\n\n\n\n<p>Erbringung weiterer Dienstleistungen im Zusammenhang mit Freizeitbet\u00e4tigungen,<\/p>\n\n\n\n<p>wenn der Vertrag f\u00fcr die Erbringung einen spezifischen Termin oder Zeitraum<\/p>\n\n\n\n<p>vorsieht.<\/p>\n\n\n\n<p><strong>\u00a7 5 Muster-Widerrufsformular<\/strong><\/p>\n\n\n\n<p>Wenn Sie den Vertrag widerrufen wollen, dann f\u00fcllen Sie bitte dieses Formular aus und<\/p>\n\n\n\n<p>senden Sie es zur\u00fcck:<\/p>\n\n\n\n<p>An&nbsp;<\/p>\n\n\n\n<p>[hier ist der Name, die Anschrift und gegebenenfalls die Telefaxnummer und E-Mail-<\/p>\n\n\n\n<p>Adresse des Unternehmers durch den Unternehmer einzuf\u00fcgen]:<\/p>\n\n\n\n<p>Hiermit widerrufe(n) ich\/wir (*) den von mir\/uns (*) abgeschlossenen Vertrag \u00fcber den Kauf<\/p>\n\n\n\n<p>der folgenden Waren (*)\/die Erbringung der folgenden Dienstleistung (*)<\/p>\n\n\n\n<p>Bestellt am (*)\/erhalten am (*)<\/p>\n\n\n\n<p>Name des\/der Verbraucher(s)<\/p>\n\n\n\n<p>Anschrift des\/der Verbraucher(s)<\/p>\n\n\n\n<p>Unterschrift des\/der Verbraucher(s) (nur bei Mitteilung auf Papier)<\/p>\n\n\n\n<p>Datum<\/p>\n\n\n\n<p>(*) Unzutreffendes streichen.<\/p>\n\n\n\n<p><strong>\u00a7 6 Preise und Versandkosten<\/strong><\/p>\n\n\n\n<p>Alle Preise gelten inklusive der gesetzlichen Mehrwertsteuer zuz\u00fcglich Versandkosten. Wir<\/p>\n\n\n\n<p>liefern mit [DHL, UPS usw.] oder einem anderen Anbieter unserer Wahl.<\/p>\n\n\n\n<p><strong>\u00a7 7 Lieferbedingungen<\/strong><\/p>\n\n\n\n<p>7.1 Die Ware wird, sofern nicht beim Angebot anders angegeben, innerhalb von [1 &#8211; 28]<\/p>\n\n\n\n<p>Werktagen nach Bestellung und Bezahlung geliefert.<\/p>\n\n\n\n<p><strong>\u00a7 8 Zahlungsbedingungen<\/strong><\/p>\n\n\n\n<p>8.1 Die Zahlung erfolgt ausschlie\u00dflich \u00fcber Paypal. Wir sind bem\u00fcht, k\u00fcnftig auch andere Zahlweisen zu etablieren, evtl. wahlweise per Vorkasse durch Vorab-\u00dcberweisung, Kreditkarte<\/p>\n\n\n\n<p>(VISA, Mastercard), per Sofort\u00fcberweisung, per Lastschrift oder auf Rechnung.<\/p>\n\n\n\n<p>Wir behalten uns vor, einzelne Zahlungsarten auszuschlie\u00dfen.<\/p>\n\n\n\n<p>8.1.1 Bei Wahl der Zahlungsart Vorkasse [\u2026]<\/p>\n\n\n\n<p>8.1.2 Bei Zahlung per SEPA-Lastschriftmandat [\u2026]<\/p>\n\n\n\n<p>8.2 Wir behalten uns das Eigentum an der Kaufsache bis zur vollst\u00e4ndigen Zahlung des<\/p>\n\n\n\n<p>Rechnungsbetrags vor.<\/p>\n\n\n\n<p>8.3 Der Kaufpreis ist mit Eintritt des Zahlungsverzugs w\u00e4hrend des Verzuges in H\u00f6he von<\/p>\n\n\n\n<p>5%-Punkte \u00fcber dem Basiszinssatz zu verzinsen.<\/p>\n\n\n\n<p><strong>\u00a7 9 Gew\u00e4hrleistung<\/strong><\/p>\n\n\n\n<p>Wenn Sie Verbraucher sind, erfolgt die Gew\u00e4hrleistung nach den gesetzlichen Bestimmungen.<\/p>\n\n\n\n<p><strong>\u00a7 10 Haftung<\/strong><\/p>\n\n\n\n<p>Wir haften unbeschr\u00e4nkt f\u00fcr Vorsatz und grobe Fahrl\u00e4ssigkeit und nach den Vorgaben des<\/p>\n\n\n\n<p>Produkthaftungsgesetzes. Bei leichter Fahrl\u00e4ssigkeit haften wir aus Verletzungen des<\/p>\n\n\n\n<p>Lebens, des K\u00f6rpers und der Gesundheit von Personen. In anderen F\u00e4llen haften wir f\u00fcr leichte Fahrl\u00e4ssigkeit nur bei der Verletzung vertragswesentlicher Pflichten. Vertragswesentliche Pflichten sind solche deren Erf\u00fcllung die ordnungsgem\u00e4\u00dfe Durchf\u00fchrung des Vertrags erst erm\u00f6glicht und auf deren Einhaltung der Vertragspartner vertraut. Die Haftung bei Verletzung einer solchen vertragswesentlichen<\/p>\n\n\n\n<p>Pflicht ist auf den vertragstypischen Schaden begrenzt, mit dessen Entstehen wir bei Vertragsabschluss auf Grund der zu diesem Zeitpunkt bekannten Umst\u00e4nde rechnen mussten. Diese Haftungsbeschr\u00e4nkung gilt auch zugunsten von unseren Erf\u00fcllungsgehilfen.<\/p>\n\n\n\n<p><strong>\u00a7 11 Kundenservice<\/strong><\/p>\n\n\n\n<p>Bei Fragen, Beschwerden oder Reklamationen nehmen Sie bitte Kontakt zu uns auf. Sie<\/p>\n\n\n\n<p>erreichen uns per E-Mail an mail@carlwilde.org.<\/p>\n\n\n\n<p><strong>\u00a7 12 Sonstiges<\/strong><\/p>\n\n\n\n<p>12.1 Die Vertragssprache ist Deutsch.<\/p>\n\n\n\n<p>12.1.2 Gerichtsstand ist Ulm, Deutschland.<\/p>\n\n\n\n<p>12.1.3 Beide Vertragspartner verpflichten sich, im Streitfall eine au\u00dfergerichtliche Einigung zu erzielen. Carlwilde.org ist bem\u00fcht, alle berechtigten Kundenanspr\u00fcche zu erf\u00fcllen und sichert eine im Bedarfsfall unkomplizierte R\u00fcckabwicklung von Zahlungen und K\u00e4ufen zu. Erstattungen, die die von Kunden\/K\u00e4ufern geleisteten Zahlungen hinaus gehen (z. B. Inrechnungstellung des Zeitaufwands f\u00fcr R\u00fccksendungen, Kontaktaufnahme, Emails, Telefonate) werden weder geleistet noch verlangt.<\/p>\n\n\n\n<p>12.2 Die Europ\u00e4ischen Kommission stellt eine Plattform zur Online-Streitbeilegung (OS)<\/p>\n\n\n\n<p>bereit. Diese ist \u00fcber die folgende Internetadresse erreichbar:<\/p>\n\n\n\n<p>bereit. Diese ist \u00fcber die folgende Internetadresse erreichbar:<\/p>\n\n\n\n<p><a href=\"https:\/\/ec.europa.eu\/consumers\/odr\/\">https:\/\/ec.europa.eu\/consumers\/odr\/<\/a><\/p>\n\n\n\n<p>Wir sind nicht bereit oder verpflichtet an einem Streitbeilegungsverfahren der<\/p>\n\n\n\n<p>Verbraucherschlichtungsstellen teilzunehmen.<\/p>\n\n\n\n<p>12.3 Sind eine oder mehrere Regelungen dieser AGB unwirksam, so bleibt der Vertrag im<\/p>\n\n\n\n<p>\u00dcbrigen wirksam. Soweit die Bestimmungen unwirksam sind, richtet sich der Inhalt des<\/p>\n\n\n\n<p>Vertrages nach den gesetzlichen Vorschriften.<\/p>\n\n\n\n<p>Ulm, im Januar 2021<\/p>\n\n\n\n<p>Carl Wilde Foundation<\/p>\n","protected":false},"excerpt":{"rendered":"<p>\u00a7 1 Allgemeines, Geltungsbereich der AGB 1.1 Alle Lieferungen und Leistungen erfolgen ausschlie\u00dflich auf der Grundlage der nachfolgenden Allgemeinen Gesch\u00e4ftsbedingungen (nachfolgend \u201eAGB\u201c) in ihrer zum Zeitpunkt der Bestellung g\u00fcltigen Fassung. 1.2 Vertragspartner ist Carlwilde.org, CEO Ingo Schymanski GbR, K\u00f6nig-Wilhelm-Strasse 5, D-89073 Ulm (nachfolgend \u201eVerk\u00e4ufer\u201c). 1.3 Kunde im Sinne dieser Gesch\u00e4ftsbedingungen k\u00f6nnen Verbraucher sein (nachfolgend \u201eKunde\u201c). [&hellip;]<\/p>\n","protected":false},"author":1,"featured_media":0,"parent":0,"menu_order":0,"comment_status":"closed","ping_status":"closed","template":"","meta":{"footnotes":""},"class_list":["post-87","page","type-page","status-publish","hentry"],"yoast_head":"<!-- This site is optimized with the Yoast SEO plugin v26.2 - https:\/\/yoast.com\/wordpress\/plugins\/seo\/ -->\n<title>Allgemeine Gesch\u00e4ftsbedingungen fu\u0308r K\u00e4ufe im Onlineshop unter carlwilde.org. - Carl Wilde Shop<\/title>\n<meta name=\"robots\" content=\"index, follow, max-snippet:-1, max-image-preview:large, max-video-preview:-1\" \/>\n<link rel=\"canonical\" href=\"https:\/\/carlwilde.org\/shop\/allgemeine-geschaeftsbedingungen\/\" \/>\n<meta property=\"og:locale\" content=\"de_DE\" \/>\n<meta property=\"og:type\" content=\"article\" \/>\n<meta property=\"og:title\" content=\"Allgemeine Gesch\u00e4ftsbedingungen fu\u0308r K\u00e4ufe im Onlineshop unter carlwilde.org. - Carl Wilde Shop\" \/>\n<meta property=\"og:description\" content=\"\u00a7 1 Allgemeines, Geltungsbereich der AGB 1.1 Alle Lieferungen und Leistungen erfolgen ausschlie\u00dflich auf der Grundlage der nachfolgenden Allgemeinen Gesch\u00e4ftsbedingungen (nachfolgend \u201eAGB\u201c) in ihrer zum Zeitpunkt der Bestellung g\u00fcltigen Fassung. 1.2 Vertragspartner ist Carlwilde.org, CEO Ingo Schymanski GbR, K\u00f6nig-Wilhelm-Strasse 5, D-89073 Ulm (nachfolgend \u201eVerk\u00e4ufer\u201c). 1.3 Kunde im Sinne dieser Gesch\u00e4ftsbedingungen k\u00f6nnen Verbraucher sein (nachfolgend \u201eKunde\u201c). [&hellip;]\" \/>\n<meta property=\"og:url\" content=\"https:\/\/carlwilde.org\/shop\/allgemeine-geschaeftsbedingungen\/\" \/>\n<meta property=\"og:site_name\" content=\"Carl Wilde Shop\" \/>\n<meta property=\"article:modified_time\" content=\"2021-12-06T20:47:05+00:00\" \/>\n<meta name=\"twitter:card\" content=\"summary_large_image\" \/>\n<meta name=\"twitter:label1\" content=\"Gesch\u00e4tzte Lesezeit\" \/>\n\t<meta name=\"twitter:data1\" content=\"8\u00a0Minuten\" \/>\n<script type=\"application\/ld+json\" class=\"yoast-schema-graph\">{\"@context\":\"https:\/\/schema.org\",\"@graph\":[{\"@type\":\"WebPage\",\"@id\":\"https:\/\/carlwilde.org\/shop\/allgemeine-geschaeftsbedingungen\/\",\"url\":\"https:\/\/carlwilde.org\/shop\/allgemeine-geschaeftsbedingungen\/\",\"name\":\"Allgemeine Gesch\u00e4ftsbedingungen fu\u0308r K\u00e4ufe im Onlineshop unter carlwilde.org. - Carl Wilde Shop\",\"isPartOf\":{\"@id\":\"https:\/\/carlwilde.org\/shop\/#website\"},\"datePublished\":\"2021-01-08T12:03:15+00:00\",\"dateModified\":\"2021-12-06T20:47:05+00:00\",\"breadcrumb\":{\"@id\":\"https:\/\/carlwilde.org\/shop\/allgemeine-geschaeftsbedingungen\/#breadcrumb\"},\"inLanguage\":\"de\",\"potentialAction\":[{\"@type\":\"ReadAction\",\"target\":[\"https:\/\/carlwilde.org\/shop\/allgemeine-geschaeftsbedingungen\/\"]}]},{\"@type\":\"BreadcrumbList\",\"@id\":\"https:\/\/carlwilde.org\/shop\/allgemeine-geschaeftsbedingungen\/#breadcrumb\",\"itemListElement\":[{\"@type\":\"ListItem\",\"position\":1,\"name\":\"Startseite\",\"item\":\"https:\/\/carlwilde.org\/shop\/\"},{\"@type\":\"ListItem\",\"position\":2,\"name\":\"Allgemeine Gesch\u00e4ftsbedingungen fu\u0308r K\u00e4ufe im Onlineshop unter carlwilde.org.\"}]},{\"@type\":\"WebSite\",\"@id\":\"https:\/\/carlwilde.org\/shop\/#website\",\"url\":\"https:\/\/carlwilde.org\/shop\/\",\"name\":\"Carl Wilde Shop\",\"description\":\"\",\"publisher\":{\"@id\":\"https:\/\/carlwilde.org\/shop\/#organization\"},\"potentialAction\":[{\"@type\":\"SearchAction\",\"target\":{\"@type\":\"EntryPoint\",\"urlTemplate\":\"https:\/\/carlwilde.org\/shop\/?s={search_term_string}\"},\"query-input\":{\"@type\":\"PropertyValueSpecification\",\"valueRequired\":true,\"valueName\":\"search_term_string\"}}],\"inLanguage\":\"de\"},{\"@type\":\"Organization\",\"@id\":\"https:\/\/carlwilde.org\/shop\/#organization\",\"name\":\"CarlCAM!\",\"url\":\"https:\/\/carlwilde.org\/shop\/\",\"logo\":{\"@type\":\"ImageObject\",\"inLanguage\":\"de\",\"@id\":\"https:\/\/carlwilde.org\/shop\/#\/schema\/logo\/image\/\",\"url\":\"https:\/\/carlwilde.org\/shop\/wp-content\/uploads\/2020\/12\/FOTO-CarlCAM-karton-scaled.jpg\",\"contentUrl\":\"https:\/\/carlwilde.org\/shop\/wp-content\/uploads\/2020\/12\/FOTO-CarlCAM-karton-scaled.jpg\",\"width\":1920,\"height\":2560,\"caption\":\"CarlCAM!\"},\"image\":{\"@id\":\"https:\/\/carlwilde.org\/shop\/#\/schema\/logo\/image\/\"}}]}<\/script>\n<!-- \/ Yoast SEO plugin. -->","yoast_head_json":{"title":"Allgemeine Gesch\u00e4ftsbedingungen fu\u0308r K\u00e4ufe im Onlineshop unter carlwilde.org. - Carl Wilde Shop","robots":{"index":"index","follow":"follow","max-snippet":"max-snippet:-1","max-image-preview":"max-image-preview:large","max-video-preview":"max-video-preview:-1"},"canonical":"https:\/\/carlwilde.org\/shop\/allgemeine-geschaeftsbedingungen\/","og_locale":"de_DE","og_type":"article","og_title":"Allgemeine Gesch\u00e4ftsbedingungen fu\u0308r K\u00e4ufe im Onlineshop unter carlwilde.org. - Carl Wilde Shop","og_description":"\u00a7 1 Allgemeines, Geltungsbereich der AGB 1.1 Alle Lieferungen und Leistungen erfolgen ausschlie\u00dflich auf der Grundlage der nachfolgenden Allgemeinen Gesch\u00e4ftsbedingungen (nachfolgend \u201eAGB\u201c) in ihrer zum Zeitpunkt der Bestellung g\u00fcltigen Fassung. 1.2 Vertragspartner ist Carlwilde.org, CEO Ingo Schymanski GbR, K\u00f6nig-Wilhelm-Strasse 5, D-89073 Ulm (nachfolgend \u201eVerk\u00e4ufer\u201c). 1.3 Kunde im Sinne dieser Gesch\u00e4ftsbedingungen k\u00f6nnen Verbraucher sein (nachfolgend \u201eKunde\u201c). [&hellip;]","og_url":"https:\/\/carlwilde.org\/shop\/allgemeine-geschaeftsbedingungen\/","og_site_name":"Carl Wilde Shop","article_modified_time":"2021-12-06T20:47:05+00:00","twitter_card":"summary_large_image","twitter_misc":{"Gesch\u00e4tzte Lesezeit":"8\u00a0Minuten"},"schema":{"@context":"https:\/\/schema.org","@graph":[{"@type":"WebPage","@id":"https:\/\/carlwilde.org\/shop\/allgemeine-geschaeftsbedingungen\/","url":"https:\/\/carlwilde.org\/shop\/allgemeine-geschaeftsbedingungen\/","name":"Allgemeine Gesch\u00e4ftsbedingungen fu\u0308r K\u00e4ufe im Onlineshop unter carlwilde.org. - Carl Wilde Shop","isPartOf":{"@id":"https:\/\/carlwilde.org\/shop\/#website"},"datePublished":"2021-01-08T12:03:15+00:00","dateModified":"2021-12-06T20:47:05+00:00","breadcrumb":{"@id":"https:\/\/carlwilde.org\/shop\/allgemeine-geschaeftsbedingungen\/#breadcrumb"},"inLanguage":"de","potentialAction":[{"@type":"ReadAction","target":["https:\/\/carlwilde.org\/shop\/allgemeine-geschaeftsbedingungen\/"]}]},{"@type":"BreadcrumbList","@id":"https:\/\/carlwilde.org\/shop\/allgemeine-geschaeftsbedingungen\/#breadcrumb","itemListElement":[{"@type":"ListItem","position":1,"name":"Startseite","item":"https:\/\/carlwilde.org\/shop\/"},{"@type":"ListItem","position":2,"name":"Allgemeine Gesch\u00e4ftsbedingungen fu\u0308r K\u00e4ufe im Onlineshop unter carlwilde.org."}]},{"@type":"WebSite","@id":"https:\/\/carlwilde.org\/shop\/#website","url":"https:\/\/carlwilde.org\/shop\/","name":"Carl Wilde Shop","description":"","publisher":{"@id":"https:\/\/carlwilde.org\/shop\/#organization"},"potentialAction":[{"@type":"SearchAction","target":{"@type":"EntryPoint","urlTemplate":"https:\/\/carlwilde.org\/shop\/?s={search_term_string}"},"query-input":{"@type":"PropertyValueSpecification","valueRequired":true,"valueName":"search_term_string"}}],"inLanguage":"de"},{"@type":"Organization","@id":"https:\/\/carlwilde.org\/shop\/#organization","name":"CarlCAM!","url":"https:\/\/carlwilde.org\/shop\/","logo":{"@type":"ImageObject","inLanguage":"de","@id":"https:\/\/carlwilde.org\/shop\/#\/schema\/logo\/image\/","url":"https:\/\/carlwilde.org\/shop\/wp-content\/uploads\/2020\/12\/FOTO-CarlCAM-karton-scaled.jpg","contentUrl":"https:\/\/carlwilde.org\/shop\/wp-content\/uploads\/2020\/12\/FOTO-CarlCAM-karton-scaled.jpg","width":1920,"height":2560,"caption":"CarlCAM!"},"image":{"@id":"https:\/\/carlwilde.org\/shop\/#\/schema\/logo\/image\/"}}]}},"_links":{"self":[{"href":"https:\/\/carlwilde.org\/shop\/wp-json\/wp\/v2\/pages\/87","targetHints":{"allow":["GET"]}}],"collection":[{"href":"https:\/\/carlwilde.org\/shop\/wp-json\/wp\/v2\/pages"}],"about":[{"href":"https:\/\/carlwilde.org\/shop\/wp-json\/wp\/v2\/types\/page"}],"author":[{"embeddable":true,"href":"https:\/\/carlwilde.org\/shop\/wp-json\/wp\/v2\/users\/1"}],"replies":[{"embeddable":true,"href":"https:\/\/carlwilde.org\/shop\/wp-json\/wp\/v2\/comments?post=87"}],"version-history":[{"count":7,"href":"https:\/\/carlwilde.org\/shop\/wp-json\/wp\/v2\/pages\/87\/revisions"}],"predecessor-version":[{"id":264,"href":"https:\/\/carlwilde.org\/shop\/wp-json\/wp\/v2\/pages\/87\/revisions\/264"}],"wp:attachment":[{"href":"https:\/\/carlwilde.org\/shop\/wp-json\/wp\/v2\/media?parent=87"}],"curies":[{"name":"wp","href":"https:\/\/api.w.org\/{rel}","templated":true}]}}